{"version":"1.0","provider_name":"Panorama Ciudadano","provider_url":"https:\/\/panoramaciudadano.com","author_name":"admin","author_url":"https:\/\/panoramaciudadano.com\/index.php\/author\/admin_3q6hyqq3\/","title":"Bruno Amione con el \u00e1nimo a tope - Panorama Ciudadano","type":"rich","width":600,"height":338,"html":"<blockquote class=\"wp-embedded-content\" data-secret=\"Vcknwi2YoN\"><a href=\"https:\/\/panoramaciudadano.com\/index.php\/2024\/07\/04\/bruno-amione-con-el-animo-a-tope\/\">Bruno Amione con el \u00e1nimo a tope<\/a><\/blockquote><iframe sandbox=\"allow-scripts\" security=\"restricted\" src=\"https:\/\/panoramaciudadano.com\/index.php\/2024\/07\/04\/bruno-amione-con-el-animo-a-tope\/embed\/#?secret=Vcknwi2YoN\" width=\"600\" height=\"338\" title=\"\u00abBruno Amione con el \u00e1nimo a tope\u00bb \u2014 Panorama Ciudadano\" data-secret=\"Vcknwi2YoN\" frameborder=\"0\" marginwidth=\"0\" marginheight=\"0\" scrolling=\"no\" class=\"wp-embedded-content\"><\/iframe><script>\n\/*! This file is auto-generated *\/\n!function(d,l){\"use strict\";l.querySelector&&d.addEventListener&&\"undefined\"!=typeof URL&&(d.wp=d.wp||{},d.wp.receiveEmbedMessage||(d.wp.receiveEmbedMessage=function(e){var t=e.data;if((t||t.secret||t.message||t.value)&&!\/[^a-zA-Z0-9]\/.test(t.secret)){for(var s,r,n,a=l.querySelectorAll('iframe[data-secret=\"'+t.secret+'\"]'),o=l.querySelectorAll('blockquote[data-secret=\"'+t.secret+'\"]'),c=new RegExp(\"^https?:$\",\"i\"),i=0;i<o.length;i++)o[i].style.display=\"none\";for(i=0;i<a.length;i++)s=a[i],e.source===s.contentWindow&&(s.removeAttribute(\"style\"),\"height\"===t.message?(1e3<(r=parseInt(t.value,10))?r=1e3:~~r<200&&(r=200),s.height=r):\"link\"===t.message&&(r=new URL(s.getAttribute(\"src\")),n=new URL(t.value),c.test(n.protocol))&&n.host===r.host&&l.activeElement===s&&(d.top.location.href=t.value))}},d.addEventListener(\"message\",d.wp.receiveEmbedMessage,!1),l.addEventListener(\"DOMContentLoaded\",function(){for(var e,t,s=l.querySelectorAll(\"iframe.wp-embedded-content\"),r=0;r<s.length;r++)(t=(e=s[r]).getAttribute(\"data-secret\"))||(t=Math.random().toString(36).substring(2,12),e.src+=\"#?secret=\"+t,e.setAttribute(\"data-secret\",t)),e.contentWindow.postMessage({message:\"ready\",secret:t},\"*\")},!1)))}(window,document);\n\/\/# sourceURL=https:\/\/panoramaciudadano.com\/wp-includes\/js\/wp-embed.min.js\n<\/script>\n","thumbnail_url":"https:\/\/panoramaciudadano.com\/wp-content\/uploads\/2024\/07\/18.jpeg","thumbnail_width":720,"thumbnail_height":540,"description":"Con alegr\u00eda es como ha trabajado el defensa de Santos Laguna, Bruno Amione, esto a causa del reciente llamado que le hizo Javier Mascherano, t\u00e9cnico de la selecci\u00f3n de Argentina Sub 23, para disputar los pr\u00f3ximos Juegos Ol\u00edmpicos de Par\u00eds 2024, con el combinado albiceleste, por lo que el integrante de los Guerreros tiene el [&hellip;]"}

Bruno Amione con el ánimo a tope - Panorama Ciudadano

<blockquote class="wp-embedded-content" data-secret="Vcknwi2YoN"><a href="https://panoramaciudadano.com/index.php/2024/07/04/bruno-amione-con-el-animo-a-tope/">Bruno Amione con el ánimo a tope</a></blockquote><iframe sandbox="allow-scripts" security="restricted" src="https://panoramaciudadano.com/index.php/2024/07/04/bruno-amione-con-el-animo-a-tope/embed/#?secret=Vcknwi2YoN" width="600" height="338" title="«Bruno Amione con el ánimo a tope» — Panorama Ciudadano" data-secret="Vcknwi2YoN" frameborder="0" marginwidth="0" marginheight="0" scrolling="no" class="wp-embedded-content"></iframe><script>
/*! This file is auto-generated */
!function(d,l){"use strict";l.querySelector&&d.addEventListener&&"undefined"!=typeof URL&&(d.wp=d.wp||{},d.wp.receiveEmbedMessage||(d.wp.receiveEmbedMessage=function(e){var t=e.data;if((t||t.secret||t.message||t.value)&&!/[^a-zA-Z0-9]/.test(t.secret)){for(var s,r,n,a=l.querySelectorAll('iframe[data-secret="'+t.secret+'"]'),o=l.querySelectorAll('blockquote[data-secret="'+t.secret+'"]'),c=new RegExp("^https?:$","i"),i=0;i<o.length;i++)o[i].style.display="none";for(i=0;i<a.length;i++)s=a[i],e.source===s.contentWindow&&(s.removeAttribute("style"),"height"===t.message?(1e3<(r=parseInt(t.value,10))?r=1e3:~~r<200&&(r=200),s.height=r):"link"===t.message&&(r=new URL(s.getAttribute("src")),n=new URL(t.value),c.test(n.protocol))&&n.host===r.host&&l.activeElement===s&&(d.top.location.href=t.value))}},d.addEventListener("message",d.wp.receiveEmbedMessage,!1),l.addEventListener("DOMContentLoaded",function(){for(var e,t,s=l.querySelectorAll("iframe.wp-embedded-content"),r=0;r<s.length;r++)(t=(e=s[r]).getAttribute("data-secret"))||(t=Math.random().toString(36).substring(2,12),e.src+="#?secret="+t,e.setAttribute("data-secret",t)),e.contentWindow.postMessage({message:"ready",secret:t},"*")},!1)))}(window,document);
//# sourceURL=https://panoramaciudadano.com/wp-includes/js/wp-embed.min.js
</script>

Con alegría es como ha trabajado el defensa de Santos Laguna, Bruno Amione, esto a causa del reciente llamado que le hizo Javier Mascherano, técnico de la selección de Argentina Sub 23, para disputar los próximos Juegos Olímpicos de París 2024, con el combinado albiceleste, por lo que el integrante de los Guerreros tiene el [&hellip;]
