{"version":"1.0","provider_name":"Panorama Ciudadano","provider_url":"https:\/\/panoramaciudadano.com","author_name":"admin","author_url":"https:\/\/panoramaciudadano.com\/index.php\/author\/admin_3q6hyqq3\/","title":"\u00a1De pel\u00edcula\u2026 pero mal grabada! - Panorama Ciudadano","type":"rich","width":600,"height":338,"html":"<blockquote class=\"wp-embedded-content\" data-secret=\"I9GYUqsrOJ\"><a href=\"https:\/\/panoramaciudadano.com\/index.php\/2025\/07\/09\/de-pelicula-pero-mal-grabada\/\">\u00a1De pel\u00edcula\u2026 pero mal grabada!<\/a><\/blockquote><iframe sandbox=\"allow-scripts\" security=\"restricted\" src=\"https:\/\/panoramaciudadano.com\/index.php\/2025\/07\/09\/de-pelicula-pero-mal-grabada\/embed\/#?secret=I9GYUqsrOJ\" width=\"600\" height=\"338\" title=\"\u00ab\u00a1De pel\u00edcula\u2026 pero mal grabada!\u00bb \u2014 Panorama Ciudadano\" data-secret=\"I9GYUqsrOJ\" frameborder=\"0\" marginwidth=\"0\" marginheight=\"0\" scrolling=\"no\" class=\"wp-embedded-content\"><\/iframe><script>\n\/*! This file is auto-generated *\/\n!function(d,l){\"use strict\";l.querySelector&&d.addEventListener&&\"undefined\"!=typeof URL&&(d.wp=d.wp||{},d.wp.receiveEmbedMessage||(d.wp.receiveEmbedMessage=function(e){var t=e.data;if((t||t.secret||t.message||t.value)&&!\/[^a-zA-Z0-9]\/.test(t.secret)){for(var s,r,n,a=l.querySelectorAll('iframe[data-secret=\"'+t.secret+'\"]'),o=l.querySelectorAll('blockquote[data-secret=\"'+t.secret+'\"]'),c=new RegExp(\"^https?:$\",\"i\"),i=0;i<o.length;i++)o[i].style.display=\"none\";for(i=0;i<a.length;i++)s=a[i],e.source===s.contentWindow&&(s.removeAttribute(\"style\"),\"height\"===t.message?(1e3<(r=parseInt(t.value,10))?r=1e3:~~r<200&&(r=200),s.height=r):\"link\"===t.message&&(r=new URL(s.getAttribute(\"src\")),n=new URL(t.value),c.test(n.protocol))&&n.host===r.host&&l.activeElement===s&&(d.top.location.href=t.value))}},d.addEventListener(\"message\",d.wp.receiveEmbedMessage,!1),l.addEventListener(\"DOMContentLoaded\",function(){for(var e,t,s=l.querySelectorAll(\"iframe.wp-embedded-content\"),r=0;r<s.length;r++)(t=(e=s[r]).getAttribute(\"data-secret\"))||(t=Math.random().toString(36).substring(2,12),e.src+=\"#?secret=\"+t,e.setAttribute(\"data-secret\",t)),e.contentWindow.postMessage({message:\"ready\",secret:t},\"*\")},!1)))}(window,document);\n\/\/# sourceURL=https:\/\/panoramaciudadano.com\/wp-includes\/js\/wp-embed.min.js\n<\/script>\n","thumbnail_url":"https:\/\/panoramaciudadano.com\/wp-content\/uploads\/2025\/07\/WhatsApp-Image-2025-07-09-at-16.25.15.jpeg","thumbnail_width":848,"thumbnail_height":636,"description":"\u200b\u200b\u200b\u200b\u200b\u200b\u200bDelincuentes asaltaron una barber\u00eda sobre la avenida 20 de Noviembre, sin imaginar que su \"haza\u00f1a\" qued\u00f3 bien retratada por las c\u00e1maras de seguridad. Ahora sus caritas ya andan pase\u00e1ndose por redes sociales. Si los reconoce\u2026 no dude en darles like y denunciarlos."}

¡De película… pero mal grabada! - Panorama Ciudadano

<blockquote class="wp-embedded-content" data-secret="I9GYUqsrOJ"><a href="https://panoramaciudadano.com/index.php/2025/07/09/de-pelicula-pero-mal-grabada/">¡De película… pero mal grabada!</a></blockquote><iframe sandbox="allow-scripts" security="restricted" src="https://panoramaciudadano.com/index.php/2025/07/09/de-pelicula-pero-mal-grabada/embed/#?secret=I9GYUqsrOJ" width="600" height="338" title="«¡De película… pero mal grabada!» — Panorama Ciudadano" data-secret="I9GYUqsrOJ" frameborder="0" marginwidth="0" marginheight="0" scrolling="no" class="wp-embedded-content"></iframe><script>
/*! This file is auto-generated */
!function(d,l){"use strict";l.querySelector&&d.addEventListener&&"undefined"!=typeof URL&&(d.wp=d.wp||{},d.wp.receiveEmbedMessage||(d.wp.receiveEmbedMessage=function(e){var t=e.data;if((t||t.secret||t.message||t.value)&&!/[^a-zA-Z0-9]/.test(t.secret)){for(var s,r,n,a=l.querySelectorAll('iframe[data-secret="'+t.secret+'"]'),o=l.querySelectorAll('blockquote[data-secret="'+t.secret+'"]'),c=new RegExp("^https?:$","i"),i=0;i<o.length;i++)o[i].style.display="none";for(i=0;i<a.length;i++)s=a[i],e.source===s.contentWindow&&(s.removeAttribute("style"),"height"===t.message?(1e3<(r=parseInt(t.value,10))?r=1e3:~~r<200&&(r=200),s.height=r):"link"===t.message&&(r=new URL(s.getAttribute("src")),n=new URL(t.value),c.test(n.protocol))&&n.host===r.host&&l.activeElement===s&&(d.top.location.href=t.value))}},d.addEventListener("message",d.wp.receiveEmbedMessage,!1),l.addEventListener("DOMContentLoaded",function(){for(var e,t,s=l.querySelectorAll("iframe.wp-embedded-content"),r=0;r<s.length;r++)(t=(e=s[r]).getAttribute("data-secret"))||(t=Math.random().toString(36).substring(2,12),e.src+="#?secret="+t,e.setAttribute("data-secret",t)),e.contentWindow.postMessage({message:"ready",secret:t},"*")},!1)))}(window,document);
//# sourceURL=https://panoramaciudadano.com/wp-includes/js/wp-embed.min.js
</script>

​​​​​​​Delincuentes asaltaron una barbería sobre la avenida 20 de Noviembre, sin imaginar que su "hazaña" quedó bien retratada por las cámaras de seguridad. Ahora sus caritas ya andan paseándose por redes sociales. Si los reconoce… no dude en darles like y denunciarlos.
